 6*t - 176 = t - 2*v, 0 = -3*t + 5*v + 87. Let s = t + 6. What is the remainder when s is divided by 14?
12
Suppose -k - 3*k = -v + 19, 3*k = -3. Suppose 2*g - 3 = 11. Let d = 1 + g. Calculate the remainder when v is divided by d.
7
Let z = 0 + 5. Suppose 0 = -0*v + z*v - 50. Calculate the remainder when 18 is divided by v.
8
Let t = 187 + -6. Calculate the remainder when t is divided by 23.
20
Let v(g) = -g**2 - 6*g - 8. Let d be v(-7). What is the remainder when (-155)/d + 1/(-3) is divided by 4?
2
Suppose 3*a + 32 = 2*z, -z = -a + 5*a - 16. Calculate the remainder when 63 is divided by z.
15
Let q = 33 + -21. Suppose -3*m - m + 8 = 0, 4*a - 26 = -5*m. Suppose a*c - 70 = 2*c. What is the remainder when c is divided by q?
11
What is the remainder when 172 is divided by 32 + 6/(-6 + 4)?
27
Let x(g) = 8*g**2 - g - 1. Calculate the remainder when 56 is divided by x(2).
27
Suppose -35 - 41 = -4*t. Calculate the remainder when t is divided by 10.
9
Let x = 6 - -4. Let r be (-1)/5 + 64/20. Suppose -o + 112 = r*o. Calculate the remainder when o is divided by x.
8
What is the remainder when 10 is divided by 8 - 0 - (-19 - -18)?
1
Suppose -23 = -5*d - 78. What is the remainder when (1/2)/(3/66) is divided by d/(-3) + (-1)/(-3)?
3
Let m be ((-2)/4)/((-1)/(-6)). Let h(y) = y + 9. What is the remainder when h(m) is divided by 3?
0
Let n = -29 - -42. Suppose -2*q = -4*t - 116, -t + 100 + 88 = 3*q. What is the remainder when q is divided by n?
10
Suppose -c + 3*y = -12, -5*y - 3 = c + 9. What is the remainder when c is divided by 1?
0
Calculate the remainder when (3 + 137 + 2)/(2 + 0) is divided by 25.
21
Suppose -28 = -5*u + r, 0*u + 3*u + 4*r - 3 = 0. Calculate the remainder when 40 is divided by (42/u)/((-10)/(-25)).
19
Suppose -3*o + 1 = -a, 0 = 2*a - o - 7 - 11. Let u = 11 - -10. What is the remainder when u is divided by a?
10
Let w(a) = 3*a**2 - 8*a + 6. Let y be w(6). Suppose -5*k = -3*f - y, 30 = 3*k + 3*f - 0*f. Calculate the remainder when 35 is divided by k.
11
Let r(h) = -h**2 + h + 15. Let g be r(0). Let w be 88/(-10) - 3/g. Let t(i) = -i**2 - 10*i + 9. Calculate the remainder when 52 is divided by t(w).
16
Suppose 0 = -3*f - 2*f + 25, m = -3*f + 17. Suppose -m*h + 2*b = -162, h - 4*b - 26 = 70. What is the remainder when h is divided by 13?
11
Let q be 1*(2 - (-5 + 2)). Suppose q - 1 = 2*v. Suppose -v*r = -r - 62. Calculate the remainder when r is divided by 21.
20
Let y(w) = 3 - 8*w + 0*w**3 - 17 - 9*w**2 + w**3. Let c be y(10). Suppose 0 = 4*g + c - 14. What is the remainder when 4 is divided by g?
0
Let w(f) be the second derivative of f**5/20 + f**4/3 + f**2 + f. Let c = 7 - 4. What is the remainder when c is divided by w(-4)?
1
What is the remainder when 46 is divided by (-3)/((-12)/(-26))*-2 + -1?
10
Let d(m) = 8*m - 1 + 0 - 2 - 1. Let x be d(5). What is the remainder when 3 is divided by 2/(-9) - (-80)/x?
1
Suppose 4*y + 4*y - 192 = 0. Calculate the remainder when 44 is divided by y.
20
Suppose -182 = -2*q - 0*q + 2*v, -4*q + 3*v = -365. Suppose 0 = 5*m + q - 302. What is the remainder when m is divided by 11?
9
Let v be (14/6)/(2/(-6)). Let z(l) = l**3 + 7*l**2 + 9. Let q(f) = f**3 - 6*f**2 + 2*f + 4. What is the remainder when q(6) is divided by z(v)?
7
Suppose 2*p - 26 = -0*p. What is the remainder when 23 is divided by p?
10
Suppose 4*t = 3*t - 5*r - 13, -2*t - 3*r + 2 = 0. What is the remainder when 26 is divided by t?
5
Let z be (-1 - -4)*12/18. Suppose z = -2*u + 30. What is the remainder when 23 is divided by u?
9
Suppose 287 = 5*n - 3*l, 3*n - 173 = -0*n + 2*l. Suppose -d + h + 26 = 0, -h - 6 = 2*d - n. Let z = 1 - -12. Calculate the remainder when d is divided by z.
12
Let o(y) = -y**2 + 11*y + 1. Let h(n) = -13*n + 17. Let q(z) = 3*z - 4. Let a(l) = -2*h(l) - 9*q(l). Calculate the remainder when o(6) is divided by a(-6).
7
What is the remainder when 63 is divided by 1/1*(-46)/6*-3?
17
What is the remainder when (-2)/3 + (-52)/(-6) is divided by (5 - (-4)/4) + -1?
3
Let o(l) = 8*l. Let p be o(4). Suppose -k - 38 = -5*b - 132, 93 = -5*b + 2*k. Let z = b + p. Calculate the remainder when z is divided by 4.
1
Let j(u) = -u + 10. Suppose 3*f + 20 = 5*y, -f - 3*f + 2*y - 22 = 0. Calculate the remainder when 27 is divided by j(f).
12
Let s = 351 - 220. Calculate the remainder when s is divided by 27.
23
Suppose 0*z + 140 = 7*z. What is the remainder when 77 is divided by z?
17
Suppose 0 = z - 2*z + 16. Suppose 2*a + 0*a - 24 = 0. Let c = a + -3. Calculate the remainder when z is divided by c.
7
Suppose 4*q = 16*q - 504. Calculate the remainder when q is divided by 16.
10
Let c(d) = -d**2 - 14*d + 10. Calculate the remainder when c(-13) is divided by 6.
5
Suppose 0 = 4*m - 3*x - 169, -4*m - 3*x + 132 = -m. Calculate the remainder when m is divided by 15.
13
Suppose -4*v - 4*s + 212 = -0*v, 5*v - 5*s - 225 = 0. What is the remainder when v is divided by 17?
15
Let x = 2 + -3. What is the remainder when 50 is divided by x/((-2)/68*2)?
16
Let u be -425 + 3/9*3. Let i = -240 - u. Suppose -2*d = 2*d - i. What is the remainder when d is divided by 16?
14
Let d(t) = -t**3 - 7*t**2 - 6*t + 7. What is the remainder when 12 is divided by d(-6)?
5
Let c be 2/4 - 1/2. Suppose c + 2 = -h. Let q = h - -42. What is the remainder when q is divided by 14?
12
Calculate the remainder when 155 is divided by (-3)/27*2 + 472/18.
25
Suppose 0 = -3*f + f - 2. Let r(o) be the third derivative of -13*o**6/120 - o**3/6 + o**2. What is the remainder when 34 is divided by r(f)?
10
Let l = 60 + -35. Suppose -q + 3*q + l = s, 3*s - 4*q - 65 = 0. Suppose 0*v + 2*v = 16. What is the remainder when s is divided by v?
7
Let f(w) = -w**2 + 2 - 3*w**2 - w**3 + 2*w**2. What is the remainder when 32 is divided by f(-3)?
10
Let m = 11 - -1. Let t(u) be the second derivative of u**4/12 - u**2 + 4*u. Calculate the remainder when t(6) is divided by m.
10
Let i be -2 - -5 - (-4 - -4). Let k(c) = 19*c - 4. What is the remainder when k(i) is divided by 14?
11
Suppose 5*f - 3*f = 22. Let d(v) = 2*v - 45. Let c(n) = n - 22. Let x(m) = -5*c(m) + 2*d(m). Calculate the remainder when x(0) is divided by f.
9
Let c(x) = x + 8. Suppose q = -2*p, -2*p - p = 4*q + 15. Let j = q - -11. What is the remainder when j is divided by c(-6)?
1
Let k(i) = -2*i - 1. Let l be k(-1). Let h = 3 - 2. What is the remainder when (l/h)/((-1)/(-49)) is divided by 17?
15
Let x = 129 - 97. What is the remainder when x is divided by 19?
13
Suppose -3*s = h - 16, s = 2*s - 4*h - 1. What is the remainder when 17 is divided by s?
2
Let n(r) = r**2 + 3*r - 20. What is the remainder when 10 is divided by n(-7)?
2
Let u = 1 + 11. Let x(y) = 2*y**2 + y + 2. What is the remainder when x(3) is divided by u?
11
Suppose -y - 2*y + q = -29, -3*q = -4*y + 37. What is the remainder when 18 is divided by y?
8
Suppose 3*c + c - 36 = 0. Suppose 2*q + 8 = 4*q. Suppose -21 = -k - q. What is the remainder when k is divided by c?
8
Let z be ((-9)/(-3))/((-3)/(-5)). Suppose 2*g - 4*n = -8, -4*n = -3 - 1. Let q = g + z. What is the remainder when 7 is divided by q?
1
Let a be (2/(-4))/(2/44). What is the remainder when 23 is divided by 1/(-1) - (a + 4)?
5
Let k be 2/4 - 417/(-2). Let c be (0 - (-2 - -2))/1. Suppose c = 5*q - 5, -2*o - 3*o - 4*q + k = 0. What is the remainder when o is divided by 21?
20
Let q(s) = 2*s**2 + 11. What is the remainder when q(5) is divided by 21?
19
Suppose 2*d + 8 = 18. Calculate the remainder when 19 is divided by d.
4
Suppose -5*o - 110 = -p, 3*o + 13 = -4*p - 76. Let r = 35 + o. What is the remainder when 33 is divided by r?
9
Suppose -1 = -i - a, -3 = 5*i + 2*a - 17. Suppose -i*p - 75 = -p. Let y = p - -35. What is the remainder when 19 is divided by y?
9
Suppose 0 = 6*d - 4*d - 14. Let l = -20 + 48. Let y = l - 15. Calculate the remainder when y is divided by d.
6
Let m = 96 + -68. Suppose 2*n = -q - 2*n + 14, q = -n + 11. What is the remainder when m is divided by q?
8
Suppose -254 = -7*u - 2. Calculate the remainder when u is divided by 19.
17
Suppose 2*c + 5*c - 42 = 0. Calculate the remainder when 38 is divided by c.
2
Let h = -25 - -54. Calculate the remainder when 55 is divided by h.
26
Suppose m = z - 13, 3*m + 42 = 4*z - 0. Let y = 4 - m. Calculate the remainder when 53 is divided b